 9*m + 7. Let l be 1 + 114/1 - -4. Calculate the highest common divisor of m and l.
7
Let i = -495 - -695. Suppose -4*s - 17 = -1. Let o(z) = z**3 + 7*z**2 + 7*z + 5. Let x be o(s). Calculate the highest common factor of i and x.
25
Let p be 0 + 4/((-16)/20). Let s(t) = t**2 - 11*t - 11. Let w be s(12). Let a be 20/p + (w - -7). Calculate the greatest common factor of 4 and a.
4
Suppose -23*j + 2*j = -2100. Calculate the greatest common divisor of j and 2.
2
Let h = 17 - 11. Let w(j) = 4*j - 4. Let c(t) = t. Let o(b) = 6*c(b) - w(b). Let a be o(h). Calculate the greatest common divisor of a and 4.
4
Suppose 8*o = 4*o + 28. Let n be -212*(-2)/14 - 2/o. What is the highest common factor of n and 45?
15
Suppose -z + 2*q - 429 = 2*z, -z - 5*q = 160. Let y = -68 - z. What is the highest common divisor of 7 and y?
7
Suppose -99 + 23 = b. Let z = b - -186. Let o = -24 - -46. What is the highest common divisor of z and o?
22
Suppose 55 = 141*m - 136*m. What is the greatest common divisor of 99 and m?
11
Suppose 6*n - 255 = n. Let y = -26 + n. Let g(i) = -i**3 + i**2 - i + 10. Let v be g(0). Calculate the highest common factor of y and v.
5
Let d(x) = 3*x - 14. Let k be 57/5 + 10/(-25). Let z be d(k). Let o = 20 - z. What is the highest common factor of o and 9?
1
Let w be (6576/(-18) - -7)/(2/(-6)). Calculate the highest common divisor of 43 and w.
43
Suppose 6*o + y = o + 162, 3*o = 5*y + 114. What is the greatest common factor of 77 and o?
11
Let m(x) = -2*x**2 + 86*x + 96. Let w be m(43). What is the greatest common divisor of w and 120?
24
Suppose -11*i = 10 - 32. What is the highest common divisor of i and 50?
2
Let i = -10 + 12. Let t be i/(-8) + 28/(-16). Let n be (6 + -5)/((-1)/t). Calculate the greatest common factor of n and 14.
2
Let l be ((-12)/(-20) + -1)*10. Let i = 4 - l. Calculate the greatest common factor of i and 4.
4
Let a(x) = -x**3 - 13*x**2 + 13*x - 12. Let i be a(-14). Suppose g + 96 = 7*g. What is the highest common factor of i and g?
2
Suppose -14*o - 180 = -12*o. Let a be 20/o + (-47)/(-9). Suppose -a*f + 14 = 4. What is the greatest common factor of 4 and f?
2
Let d = -59 + -38. Let n = d + 172. What is the greatest common divisor of n and 25?
25
Suppose 4*b - 7*s + 4*s = 681, -3*b + 5*s = -519. Suppose -6*l + l = -105. Calculate the greatest common factor of b and l.
21
Suppose 16*r - 70 = 6*r. Suppose -k = -3*h + k + 187, h - k = 63. Let d = h + 16. What is the greatest common factor of d and r?
7
Let r = 107 + -83. Suppose -b + 20 = 3*b, -5*x - 3*b + 35 = 0. Suppose -x*f + 5*l = -0*f - 27, 2*l + 12 = 2*f. What is the highest common factor of f and r?
3
Let z be 2238/33 - (-4)/22. Let p = 303 - 252. What is the highest common factor of z and p?
17
Suppose 5 = -r + 13. Let v(z) = z**3 + 19*z**2 + 21*z + 4. Let l be v(-18). Let j be (-6 - -2)/(10/l). What is the highest common divisor of j and r?
4
Let q(v) = 35*v - 1. Let i(x) = x + 1. Let o(u) = -4*i(u) - 2*q(u). Let b be o(-1). Suppose 2*n + 2*n - 32 = 0. Calculate the highest common factor of n and b.
8
Let x = 199 + -172. What is the greatest common factor of x and 6?
3
Let w be (-3)/(6/4) - -4. Suppose 6*n - 528 = w*n. Let d = 18 - 6. What is the greatest common factor of d and n?
12
Let w(a) = 37*a + 17. Let k(c) = -185*c - 85. Let u(y) = 2*k(y) + 11*w(y). Let d be u(3). Calculate the highest common factor of d and 16.
16
Let k(a) = 4*a + 5*a**2 + a**3 - 18 + 10*a + 5*a**2 - 25*a. Let d be k(-8). Calculate the greatest common divisor of 18 and d.
18
Let l be (-688)/(-18) + 168/(-756). Calculate the highest common factor of 190 and l.
38
Let m(d) = 20 - 39*d**2 + 14*d - 43*d**2 + 81*d**2. Let q be m(14). Calculate the highest common divisor of q and 8.
4
Let l be (-13)/((-221)/(-1020))*(-2)/3. Suppose -3 = 2*u - 35. Calculate the highest common factor of u and l.
8
Let s be ((-147)/105)/7 - 1042/(-10). Calculate the highest common factor of 702 and s.
26
Suppose -b = -0*b - 17. Suppose b + 31 = i. Suppose 347*j = 316*j + 992. What is the greatest common divisor of j and i?
16
Suppose -204 = -18*c + 102. Calculate the greatest common divisor of 119 and c.
17
Let l be -9*(8*-1 + (-49)/(-21)). Suppose 305 = 2*a - 613. What is the highest common divisor of l and a?
51
Let x(c) = c**2 - 2*c + 2. Let r be x(3). Let k be (-20)/50 + 42/r. What is the greatest common factor of 56 and k?
8
Suppose -4*a + 7*d + 197 = 4*d, a = 3*d + 47. Calculate the greatest common factor of a and 2.
2
Suppose 5*j - 5*k + 33 - 118 = 0, -4*j + 5*k + 73 = 0. What is the highest common divisor of 76 and j?
4
Let n(t) = -t**3 + 13*t**2 + 15*t + 10. Let q be n(14). What is the highest common factor of q and 18?
6
Suppose -4*q - 111 = -5*i, 59*q + 12 = 56*q. Calculate the highest common divisor of i and 247.
19
Let k = 2 - 0. Let b(r) = r**2 + r. Let l(m) = 3*m**2 - 6*m. Let p(o) = 3*b(o) + l(o). Let n be p(k). What is the greatest common divisor of n and 198?
18
Let w(a) be the first derivative of -a**3/3 + 7*a**2/2 - 4*a - 8. Let g be w(4). Suppose g*p - 4*p = 32. Calculate the highest common factor of 32 and p.
8
Suppose -4*p = p + g - 48, 2*p = -2*g + 16. Let x be 1/20*8 + 186/p. Calculate the highest common factor of 76 and x.
19
Let w be ((-2)/(-6))/(11/(-561)). Let o be (-18)/6 - 1*w. Let m be -112*(o/8)/(-1). What is the greatest common divisor of 28 and m?
28
Suppose 0 = 3*a - 6 - 75. Let t be (-3)/9 - 3245/(-15). What is the highest common factor of a and t?
27
Suppose 46 = 4*d - 2*a, 0*d - d + 2*a + 19 = 0. Let k be (1 + (-5)/2)*(3 - 5). What is the highest common divisor of k and d?
3
Let d be (6/15)/(10/75). Let s be 1/(-2) - ((-85)/10 + d). Let x = 28 + -13. What is the greatest common divisor of x and s?
5
Let k = 61 - 88. Let t = k - -30. Suppose 5*z = n + 17 + 2, 4*n - 3*z - 9 = 0. What is the greatest common factor of n and t?
3
Suppose -3*z = -9 - 18. Suppose -4*t = -3*v + 5, -z = 3*v - 2*v - 4*t. What is the highest common factor of v and 28?
7
Suppose 10*f - 6*f + 2*c - 180 = 0, -f + 4*c + 45 = 0. Calculate the greatest common factor of f and 810.
45
Let y = -236 - -266. What is the greatest common divisor of 135 and y?
15
Let r = -292 - -462. Calculate the highest common factor of r and 425.
85
Let y = -28 - -32. Let a be 16 + -5 + y - (0 - -3). Suppose g + 28 = 3*g - 4*r, -5*g + 64 = -4*r. What is the highest common factor of a and g?
12
Let n(f) = -2*f - 1. Let k = 9 - 11. Let z be n(k). Let p = 19 - z. Calculate the greatest common factor of 32 and p.
16
Suppose -t + 4*v + 195 - 31 = 0, -2*v - 2 = 0. Let r be (-485)/(-25) - 3/(-5)*1. What is the highest common divisor of t and r?
20
Suppose 4*t = 4*v - 4, -2*v = -7*v - 3*t + 29. Let s(a) = 4*a. Let w be s(4). Let z be 1 + -2 + w - -1. What is the highest common factor of z and v?
4
Suppose 19*t = 16*t + 96. Suppose -n + 16 + t = 0. Calculate the highest common factor of n and 6.
6
Suppose -2 - 18 = -4*f. Suppose 36 = f*t - 2*t. Calculate the greatest common divisor of 108 and t.
12
Let m = 241 - 214. Let v(y) be the first derivative of y**4/4 + 2*y**3 + 5*y**2/2 + 3*y - 2. Let w be v(-5). Calculate the highest common divisor of m and w.
3
Let l = -28251 + 28315. Suppose -6*s = -4*s - 8. Calculate the highest common factor of s and l.
4
Suppose -5*h - a = -509, 2*h - 269 + 63 = 2*a. Let u = -204 + h. Let b = u + 144. Calculate the greatest common factor of 6 and b.
6
Let g(o) = -o**2 - 2*o - 4. Let l be g(3). Let r = -9 - l. What is the highest common factor of 90 and r?
10
Let b = -9 - -6. Suppose 0 = 5*t - 3*s - 229, -2*t = -t - 3*s - 41. Let w = t - b. What is the greatest common divisor of w and 10?
10
Suppose -j + 2*j = 60. Let n = 19 + 16. Let v = j - n. What is the highest common factor of 25 and v?
25
Suppose 0 = -2*c + 6 - 16, 5*r - 35 = c. Calculate the highest common divisor of 3 and r.
3
Suppose -3*w - 6 = -6*w. Let v(j) = 22*j**2 + 102*j - 166. Let b be v(-6). Calculate the highest common factor of w and b.
2
Let q = 6 + -9. Let k be (-2)/7 + 576/56 + -8. Let s be 5 + k*(q + 2). What is the greatest common factor of s and 24?
3
Let h = 24 - -46. Let b = 8 + -3. Let u be (-2)/5 - (-52)/b. What is the highest common factor of h and u?
10
Let x be 3/2*8/6. Suppose c + 4*c - 10 = -5*f, -4*f - c = -8. Let n be (0/f